{"id":11355,"date":"2025-11-11T12:44:23","date_gmt":"2025-11-11T11:44:23","guid":{"rendered":"https:\/\/www.pappmoebelshop.de\/?page_id=11355"},"modified":"2025-12-03T16:50:52","modified_gmt":"2025-12-03T15:50:52","slug":"lagerraeumung","status":"publish","type":"page","link":"https:\/\/www.pappmoebelshop.de\/en\/lagerraeumung\/","title":{"rendered":"Lagerr\u00e4umung Werksverkauf"},"content":{"rendered":"<div style=\"display: block; width: 66%; margin: 0 auto;\" class=\"lagerverkauf\" >\n<p style=\"font-size: 1.1rem;\">Wir schlie\u00dfen unsere Produktion zum 30.11.2025.<br \/>\nAn einer Weitergabe wird gearbeitet. <\/br><br \/>\nDer Versand der restlichen Produkte l\u00e4uft Anfang Dezember noch weiter. <\/br><br \/>\n(Vor Ort nur Kartenzahlung m\u00f6glich)\n<\/p>\n<h2 style=\"color: #14b042; font-size: 1.5rem; line-height: 2rem;\">Preise ab 10.11.2025<\/h2>\n<ul style=\"font-size: 1.1rem;\">\n<li>Garderobe ADAM RIESE 70\u20ac (1 x verpackt)<\/li>\n<li>Kommode JUNO 60\u20ac (3 x natur)<\/li>\n<li>Regal A3 Ordnerkiste natur 10\u20ac (pro St\u00fcck, mit Deckel, unverpackt)<\/li>\n<li>Regal A3 Ordnerkiste wei\u00df 10\u20ac (pro St\u00fcck, mit Deckel, unverpackt)<\/li>\n<li>Regal A3 Schublade natur 5\u20ac (pro St\u00fcck, unverpackt)<\/li>\n<li>Regal ELEMENT mittel 40\u20ac (1 x natur, 4 W\u00fcrfel, verpackt)<\/li>\n<li>Regal ELEMENT mittel 40\u20ac (4 W\u00fcrfel, wei\u00df, verpackt)<\/li>\n<li>Regal ELEMENT gro\u00df 50\u20ac (4 W\u00fcrfel, natur, verpackt)<\/li>\n<li>Regal ELEMENT gro\u00df 50\u20ac (4 W\u00fcrfel, wei\u00df, verpackt)<\/li>\n<li>Regal HUGO 60\u20ac (noch 1 x wei\u00df, verpackt)<\/li>\n<li>Schaf TEENY 25\u20ac (natur, verpackt)<\/li>\n<li>Stehtisch TWIST 50\u20ac (3 x natur, verpackt)<\/li>\n<li>Zeichenschrank D\u00c4DALUS 80\u20ac (noch 1 St\u00fcck aufgebaut ohne Verpackung)<\/li>\n<\/ul>\n<\/div>","protected":false},"excerpt":{"rendered":"<p>Wir schlie\u00dfen unsere Produktion zum 30.11.2025. An einer Weitergabe wird gearbeitet. Der Versand der restlichen Produkte l\u00e4uft Anfang Dezember noch weiter. (Vor Ort nur Kartenzahlung m\u00f6glich) Preise ab 10.11.2025 Garderobe ADAM RIESE 70\u20ac (1 x verpackt) Kommode JUNO 60\u20ac (3 x natur) Regal A3 Ordnerkiste natur 10\u20ac (pro St\u00fcck, mit Deckel, unverpackt) Regal A3 Ordnerkiste [&hellip;]<\/p>\n","protected":false},"author":1,"featured_media":0,"parent":0,"menu_order":0,"comment_status":"closed","ping_status":"closed","template":"","meta":{"site-sidebar-layout":"default","site-content-layout":"","ast-site-content-layout":"default","site-content-style":"default","site-sidebar-style":"default","ast-global-header-display":"","ast-banner-title-visibility":"","ast-main-header-display":"","ast-hfb-above-header-display":"","ast-hfb-below-header-display":"","ast-hfb-mobile-header-display":"","site-post-title":"","ast-breadcrumbs-content":"","ast-featured-img":"","footer-sml-layout":"","ast-disable-related-posts":"","theme-transparent-header-meta":"","adv-header-id-meta":"","stick-header-meta":"","header-above-stick-meta":"","header-main-stick-meta":"","header-below-stick-meta":"","astra-migrate-meta-layouts":"set","ast-page-background-enabled":"default","ast-page-background-meta":{"desktop":{"background-color":"var(--ast-global-color-4)","background-image":"","background-repeat":"repeat","background-position":"center center","background-size":"auto","background-attachment":"scroll","background-type":"","background-media":"","overlay-type":"","overlay-color":"","overlay-opacity":"","overlay-gradient":""},"tablet":{"background-color":"","background-image":"","background-repeat":"repeat","background-position":"center center","background-size":"auto","background-attachment":"scroll","background-type":"","background-media":"","overlay-type":"","overlay-color":"","overlay-opacity":"","overlay-gradient":""},"mobile":{"background-color":"","background-image":"","background-repeat":"repeat","background-position":"center center","background-size":"auto","background-attachment":"scroll","background-type":"","background-media":"","overlay-type":"","overlay-color":"","overlay-opacity":"","overlay-gradient":""}},"ast-content-background-meta":{"desktop":{"background-color":"var(--ast-global-color-5)","background-image":"","background-repeat":"repeat","background-position":"center center","background-size":"auto","background-attachment":"scroll","background-type":"","background-media":"","overlay-type":"","overlay-color":"","overlay-opacity":"","overlay-gradient":""},"tablet":{"background-color":"var(--ast-global-color-5)","background-image":"","background-repeat":"repeat","background-position":"center center","background-size":"auto","background-attachment":"scroll","background-type":"","background-media":"","overlay-type":"","overlay-color":"","overlay-opacity":"","overlay-gradient":""},"mobile":{"background-color":"var(--ast-global-color-5)","background-image":"","background-repeat":"repeat","background-position":"center center","background-size":"auto","background-attachment":"scroll","background-type":"","background-media":"","overlay-type":"","overlay-color":"","overlay-opacity":"","overlay-gradient":""}},"footnotes":""},"class_list":["post-11355","page","type-page","status-publish","hentry"],"_links":{"self":[{"href":"https:\/\/www.pappmoebelshop.de\/en\/wp-json\/wp\/v2\/pages\/11355","targetHints":{"allow":["GET"]}}],"collection":[{"href":"https:\/\/www.pappmoebelshop.de\/en\/wp-json\/wp\/v2\/pages"}],"about":[{"href":"https:\/\/www.pappmoebelshop.de\/en\/wp-json\/wp\/v2\/types\/page"}],"author":[{"embeddable":true,"href":"https:\/\/www.pappmoebelshop.de\/en\/wp-json\/wp\/v2\/users\/1"}],"replies":[{"embeddable":true,"href":"https:\/\/www.pappmoebelshop.de\/en\/wp-json\/wp\/v2\/comments?post=11355"}],"version-history":[{"count":49,"href":"https:\/\/www.pappmoebelshop.de\/en\/wp-json\/wp\/v2\/pages\/11355\/revisions"}],"predecessor-version":[{"id":11543,"href":"https:\/\/www.pappmoebelshop.de\/en\/wp-json\/wp\/v2\/pages\/11355\/revisions\/11543"}],"wp:attachment":[{"href":"https:\/\/www.pappmoebelshop.de\/en\/wp-json\/wp\/v2\/media?parent=11355"}],"curies":[{"name":"wp","href":"https:\/\/api.w.org\/{rel}","templated":true}]}}

Lagerräumung Werksverkauf

<div style="display: block; width: 66%; margin: 0 auto;" class="lagerverkauf" >
<p style="font-size: 1.1rem;">Wir schließen unsere Produktion zum 30.11.2025.<br />
An einer Weitergabe wird gearbeitet. </br><br />
Der Versand der restlichen Produkte läuft Anfang Dezember noch weiter. </br><br />
(Vor Ort nur Kartenzahlung möglich)
</p>
<h2 style="color: #14b042; font-size: 1.5rem; line-height: 2rem;">Preise ab 10.11.2025</h2>
<ul style="font-size: 1.1rem;">
<li>Garderobe ADAM RIESE 70€ (1 x verpackt)</li>
<li>Kommode JUNO 60€ (3 x natur)</li>
<li>Regal A3 Ordnerkiste natur 10€ (pro Stück, mit Deckel, unverpackt)</li>
<li>Regal A3 Ordnerkiste weiß 10€ (pro Stück, mit Deckel, unverpackt)</li>
<li>Regal A3 Schublade natur 5€ (pro Stück, unverpackt)</li>
<li>Regal ELEMENT mittel 40€ (1 x natur, 4 Würfel, verpackt)</li>
<li>Regal ELEMENT mittel 40€ (4 Würfel, weiß, verpackt)</li>
<li>Regal ELEMENT groß 50€ (4 Würfel, natur, verpackt)</li>
<li>Regal ELEMENT groß 50€ (4 Würfel, weiß, verpackt)</li>
<li>Regal HUGO 60€ (noch 1 x weiß, verpackt)</li>
<li>Schaf TEENY 25€ (natur, verpackt)</li>
<li>Stehtisch TWIST 50€ (3 x natur, verpackt)</li>
<li>Zeichenschrank DÄDALUS 80€ (noch 1 Stück aufgebaut ohne Verpackung)</li>
</ul>
</div>

<p>Wir schließen unsere Produktion zum 30.11.2025. An einer Weitergabe wird gearbeitet. Der Versand der restlichen Produkte läuft Anfang Dezember noch weiter. (Vor Ort nur Kartenzahlung möglich) Preise ab 10.11.2025 Garderobe ADAM RIESE 70€ (1 x verpackt) Kommode JUNO 60€ (3 x natur) Regal A3 Ordnerkiste natur 10€ (pro Stück, mit Deckel, unverpackt) Regal A3 Ordnerkiste [&hellip;]</p>
